6.
11
What is the remainder when 11569 is divided by 11?
8
What is the remainder when 237 is divided by 57?
9
What is the remainder when 447 is divided by 147?
6
What is the remainder when 2304 is divided by 328?
8
Calculate the remainder when 86 is divided by 34.
18
What is the remainder when 175 is divided by 38?
23
What is the remainder when 163 is divided by 92?
71
What is the remainder when 894 is divided by 274?
72
What is the remainder when 1996 is divided by 11?
5
What is the remainder when 16983 is divided by 11?
10
Calculate the remainder when 1583 is divided by 25.
8
What is the remainder when 25622 is divided by 219?
218
Calculate the remainder when 1265 is divided by 159.
152
What is the remainder when 1118 is divided by 70?
68
What is the remainder when 816 is divided by 117?
114
What is the remainder when 164 is divided by 33?
32
Calculate the remainder when 875 is divided by 44.
39
What is the remainder when 270 is divided by 264?
6
What is the remainder when 244 is divided by 50?
44
Calculate the remainder when 2453 is divided by 41.
34
What is the remainder when 7869 is divided by 3934?
1
What is the remainder when 3540 is divided by 115?
90
Calculate the remainder when 1752 is divided by 29.
12
Calculate the remainder when 2088 is divided by 190.
188
What is the remainder when 18 is divided by 14?
4
What is the remainder when 62 is divided by 23?
16
What is the remainder when 1132 is divided by 103?
102
What is the remainder when 17662 is divided by 276?
274
Calculate the remainder when 32 is divided by 12.
8
Calculate the remainder when 446 is divided by 65.
56
What is the remainder when 115 is divided by 80?
35
What is the remainder when 24986 is divided by 255?
251
What is the remainder when 154 is divided by 6?
4
What is the remainder when 472 is divided by 152?
16
What is the remainder when 5630 is divided by 4?
2
What is the remainder when 135 is divided by 23?
20
Calculate the remainder when 285 is divided by 41.
39
What is the remainder when 80 is divided by 42?
38
Calculate the remainder when 34 is divided by 10.
4
What is the remainder when 655 is divided by 317?
21
What is the remainder when 62 is divided by 31?
0
Calculate the remainder when 293 is divided by 62.
45
Calculate the remainder when 21 is divided by 14.
7
What is the remainder when 1088 is divided by 272?
0
Calculate the remainder when 87 is divided by 5.
2
Calculate the remainder when 59 is divided by 19.
2
What is the remainder when 53 is divided by 20?
13
Calculate the remainder when 588 is divided by 43.
29
Calculate the remainder when 10442 is divided by 61.
11
What is the remainder when 1110 is divided by 345?
75
What is the remainder when 91 is divided by 17?
6
What is the remainder when 289 is divided by 90?
19
What is the remainder when 72 is divided by 59?
13
What is the remainder when 1899 is divided by 208?
27
What is the remainder when 114 is divided by 59?
55
Calculate the remainder when 73 is divided by 70.
3
Calculate the remainder when 873 is divided by 278.
39
Calculate the remainder when 227 is divided by 78.
71
Calculate the remainder when 59 is divided by 1.
0
Calculate the remainder when 806 is divided by 282.
242
Calculate the remainder when 338 is divided by 326.
12
What is the remainder when 2435 is divided by 203?
202
Calculate the remainder when 1156 is divided by 6.
4
Calculate the remainder when 573 is divided by 47.
9
What is the remainder when 35069 is divided by 21?
20
Calculate the remainder when 743 is divided by 31.
30
What is the remainder when 536 is divided by 90?
86
What is the remainder when 180 is divided by 27?
18
What is the remainder when 833 is divided by 394?
45
Calculate the remainder when 14614 is divided by 168.
166
Calculate the remainder when 1016 is divided by 33.
26
Calculate the remainder when 260 is divided by 148.
112
What is the remainder when 688 is divided by 3?
1
Calculate the remainder when 284 is divided by 15.
14
Calculate the remainder when 90 is divided by 16.
10
Calculate the remainder when 2252 is divided by 98.
96
Calculate the remainder when 466 is divided by 82.
56
What is the remainder when 141 is divided by 73?
68
What is the remainder when 80 is divided by 49?
31
What is the remainder when 226 is divided by 121?
105
Calculate the remainder when 355 is divided by 16.
3
Calculate the remainder when 38 is divided by 13.
12
What is the remainder when 7890 is divided by 13?
12
What is the remainder when 414 is divided by 10?
4
What is the remainder when 3576 is divided by 4?
0
What is the remainder when 358 is divided by 156?
46
What is the remainder when 60 is divided by 30?
0
What is the remainder when 673 is divided by 15?
13
Calculate the remainder when 1857 is divided by 609.
30
What is the remainder when 598 is divided by 202?
194
What is the remainder when 757 is divided by 38?
35
Calculate the remainder when 1377 is divided by 92.
89
Calculate the remainder when 273 is divided by 14.
7
Calculate the remainder when 691 is divided by 117.
106
What is the remainder when 3551 is divided by 222?
221
Calculate the remainder when 676 is divided by 70.
46
Calculate the remainder when 123 is divided by 64.
59
Calculate the remainder when 134 is divided by 65.
4
Calculate the remainder when 7958 is divided by 10.
8
What is the remainder when 10649 is divided by 30?
29
Calculate the remainder when 917 is divided by 254.
155
Calculate the remainder when 130 is divided by 23.
15
Calculate the remainder when 2219 is divided by 16.
11
Calculate the remainder when 23 is divided by 3.
2
Calculate the remainder when 685 is divided by 47.
27
What is the remainder when 54 is divided by 7?
5
Calculate the remainder when 909 is divided by 57.
54
Calculate the remainder when 131 is divided by 19.
17
What is the remainder when 186 is divided by 141?
45
What is the remainder when 67 is divided by 52?
15
Calculate the remainder when 723 is divided by 291.
141
Calculate the remainder when 53 is divided by 33.
20
Calculate the remainder when 8313 is divided by 2770.
3
Calculate the remainder when 112 is divided by 52.
8
Calculate the remainder when 33 is divided by 20.
13
Calculate the remainder when 348 is divided by 39.
36
What is the remainder when 9620 is divided by 4809?
2
Calculate the remainder when 162 is divided by 24.
18
What is the remainder when 579 is divided by 277?
25
What is the remainder when 35 is divided by 24?
11
Calculate the remainder when 518 is divided by 13.
11
What is the remainder when 1320 is divided by 153?
96
What is the remainder when 2112 is divided by 67?
35
What is the remainder when 1919 is divided by 18?
11
What is the remainder when 74 is divided by 39?
35
Calculate the remainder when 1158 is divided by 19.
18
What is the remainder when 87 is divided by 34?
19
What is the remainder when 224 is divided by 84?
56
Calculate the remainder when 21 is divided by 1.
0
What is the remainder when 983 is divided by 34?
31
Calculate the remainder when 4622 is divided by 23.
22
Calculate the remainder when 958 is divided by 323.
312
What is the remainder when 7197 is divided by 40?
37
What is the remainder when 18 is divided by 14?
4
Calculate the remainder when 6509 is divided by 42.
41
What is the remainder when 81 is divided by 66?
15
Calculate the remainder when 207 is divided by 35.
32
Calculate the remainder when 2912 is divided by 6.
2
Calculate the remainder when 187 is divided by 71.
45
Calculate the remainder when 115 is divided by 59.
56
Calculate the remainder when 3454 is divided by 20.
14
What is the remainder when 4606 is divided by 11?
8
Calculate the remainder when 608 is divided by 31.
19
Calculate the remainder when 455 is divided by 20.
15
What is the remainder when 373 is divided by 51?
16
What is the remainder when 862 is divided by 280?
22
Calculate the remainder when 850 is divided by 45.
40
What is the remainder when 33 is divided by 11?
0
What is the remainder when 148 is divided by 32?
20
Calculate the remainder when 495 is divided by 84.
75
What is the remainder when 5245 is divided by 250?
245
What is the remainder when 333 is divided by 58?
43
Calculate the remainder when 416 is divided by 108.
92
Calculate the remainder when 285 is divided by 1